(28) composite?
False
Suppose 0 = 4*o + 22*o - 628394. Is o a composite number?
False
Let g = 289 + -148. Suppose 36 = -3*k + g. Is k prime?
False
Let z be -1965*4/(-24)*10. Suppose 5*h + z = 4*m, 3*m - 2536 + 82 = 3*h. Is m a composite number?
True
Let w be (-1 - -2) + -2 + 80. Let x be -10*(-3 - w/2). Suppose -x = p - 6*p. Is p a composite number?
True
Let u(r) = -9*r + 4. Let h be (-80)/(-15) - 2/6. Suppose -h*i + 4 = 19. Is u(i) composite?
False
Let d = -147 + 87. Is ((-751)/(-3) - 0) + (-40)/d a composite number?
False
Let t be (-8 + 6)/(1/(-6)). Is 3165 + -1 - 12/t composite?
False
Let b(q) = -q**3 + 4*q**2 + 2*q - 5. Let t be b(4). Suppose 432*g = 444*g - 4680. Suppose -t*p + g + 243 = 0. Is p a prime number?
True
Let m = 17637 - 8344. Is m composite?
False
Suppose -5*t - 3*x + 5 = -6, 23 = 5*t - x. Suppose t*v = 9*v - 385. Is v prime?
False
Let s(b) = 27*b + 25*b + 21 - 44*b. Is s(16) prime?
True
Let q(k) be the second derivative of -k**5/2 + k**4/4 + k**3/3 + k**2/2 + 3*k. Is q(-2) a prime number?
True
Let a(t) = -t**3 + 10*t**2 - 9*t + 5. Let u be a(9). Suppose 0*f + 651 = 2*f - c, -3*f + 973 = -u*c. Suppose f + 2849 = 5*d. Is d a prime number?
False
Let x(c) = 186*c**3 + 3*c**2 + 32*c - 274. Is x(6) composite?
True
Let y(i) = 2*i - 24. Let j be y(11). Let m = 113 + j. Is m a composite number?
True
Suppose -4*u = 664 - 44. Let i = u - -318. Is i prime?
True
Suppose -3*f - 5*r + 30492 = 0, 25*f - 20*f + r = 50798. Is f composite?
False
Let r(i) = 6*i. Let c be r(2). Suppose 4*o - 4 = c. Suppose -2*y = o*j - 701 - 165, 5*j = -2*y + 1081. Is j composite?
True
Suppose 503*c + 249004 = 507*c. Is c composite?
True
Suppose 0 = 38*i - 309415 - 33573. Is i a composite number?
True
Let v(i) = i**3 - 6*i**2 - 13*i + 4. Let n be v(13). Let c = n + 619. Is c composite?
False
Let y(n) = -n + 8. Let f be y(7). Let x be (-1370)/(-5) + (-1)/f. Let s = -19 + x. Is s a prime number?
False
Let y(d) be the third derivative of 5*d**2 + 0*d**4 + 0*d**3 + 53/30*d**5 + 0*d + 0. Is y(1) a prime number?
False
Suppose 5*p - 73 = -r, 5*p - 2*r + r - 67 = 0. Suppose 0 = -11*b - 15488 - 6886. Is (-4)/14 - b/p a prime number?
False
Suppose -5*k - 5 = 2*v - 3*v, k = -3*v + 15. Let w = -24 - -28. Suppose 2*c - w*c + 1658 = k. Is c a prime number?
True
Suppose -4*z = 4*z - 56. Suppose -4*k - 11085 = -z*k. Suppose 7*p - 12*p = -k. Is p a composite number?
False
Let m be 4/(-26) + 651/91. Let p(k) = 2*k**3 + 4*k**2 + 5*k + 2. Is p(m) a prime number?
True
Suppose 4*z - 3*i - 60 = -i, 5*i = 20. Suppose -22*l + 1905 = -z*l. Is l prime?
False
Suppose 4*l = 2*l + 158. Is 7*2*l/2 prime?
False
Suppose -58*g + 52*g = -46962. Is g prime?
False
Let t(k) = -k**3 - 4*k**2 - 3*k + 4. Let q be t(-2). Suppose -4*i - 3*c = q*c - 1867, 0 = 3*c + 15. Is i prime?
False
Let u = 19753 - 11424. Is u a prime number?
True
Let l(y) = y - 2. Let n be l(5). Let o be 105 - (5 + 59)/8. Suppose -464 = -n*m + o. Is m a composite number?
True
Suppose 0 = -2*h - 4*g + 7418, 4*h - 14829 = 2*g - 3*g. Suppose 42*v - 43*v + h = 0. Is v prime?
False
Suppose 3*r + 5060 = -3*t - 2*r, 0 = 3*t - 3*r + 5100. Let u = 2386 + t. Is u composite?
False
Suppose -14*y = -17*y + 21. Suppose 403 + 514 = y*l. Is l prime?
True
Suppose -2*o = o + 216. Is (-352)/(-3) + (-48)/o prime?
False
Suppose -59215 - 141741 = -28*m. Is m a prime number?
True
Let q(a) = 8*a**3 - 50*a**2 - 19*a - 3. Is q(7) a composite number?
True
Let b = 42 + -39. Suppose -316 - 474 = -5*t - s, 462 = b*t + 3*s. Is t prime?
False
Let b(y) be the second derivative of y**7/2520 - y**6/720 + y**5/40 + y**4/2 + 2*y. Let r(q) be the third derivative of b(q). Is r(6) composite?
True
Suppose 3*u = -2*o + 3, 3 = -4*u - 5*o - 0. Is u/(-4) - 4599/(-36) a prime number?
True
Let p(n) be the second derivative of 19*n**3/3 - 31*n**2/2 + 23*n. Is p(5) a composite number?
True
Let w be (-5)/15 + (-62)/(-6). Suppose 0 = -3*z + 5*g + 25 + 1312, -w = -5*g. Is z a prime number?
True
Is 52/8*(4682 + (3 - 7)) a composite number?
True
Let g = 19 - 17. Suppose 0 = a + g*c - c - 272, -a + 3*c + 252 = 0. Is a prime?
False
Let b(h) be the first derivative of h**6/360 - h**5/30 + 7*h**4/24 - 7*h**3/3 + 6. Let u(y) be the third derivative of b(y). Is u(10) a prime number?
True
Suppose -v + 5*v = -3*z - 6, z + 10 = -4*v. Let f(h) = 4*h**2 + 0*h - 7 - 2*h**z - 3*h. Is f(8) a composite number?
False
Let l = -255 + 521. Let x = 657 + l. Is x prime?
False
Is 3602/6*75/25 a prime number?
True
Is 7 + (392 - 100/10) a prime number?
True
Let b = -27 + 37. Suppose -7*a + 8*a = b. Let g(c) = c**2 + 5*c - 19. Is g(a) composite?
False
Suppose 24*m - 90123 = 169821. Is m prime?
True
Let t(o) = -o**2 - 2*o + 647. Suppose 0 = 5*g - 5*l - 25, -2*g = -0*g - l - 5. Is t(g) composite?
False
Suppose 6*r - 29 = 31. Is (-4)/r + (-9079)/(-35) a composite number?
True
Suppose -40*r = l - 41*r - 31680, -4*r - 158405 = -5*l. Is l a composite number?
True
Let t(g) = -27*g + 22. Let b = 43 - 50. Is t(b) prime?
True
Let i(y) = 68*y**2 - 24*y + 17. Is i(-8) a prime number?
True
Let j(c) = -737*c + 410. Is j(-3) prime?
True
Let r(p) = -p**2 + 3*p + 3. Let b(i) = -i + 18. Let x be b(15). Let c be r(x). Is (0 + 1)/(c/1473) prime?
True
Let n(b) = b - 2. Let p be n(5). Suppose -8*k + p*k = 0. Is 116 + -2 + 4 + k a composite number?
True
Suppose 4*l + d + 22 = 7*l, -l + 4*d = 0. Let x = -27 - -15. Is ((-345)/x)/(2/l) a prime number?
False
Suppose 14*o = 8*o + 166614. Is o a prime number?
False
Let f(d) = -75*d**3 + 3*d**2 + 2*d + 1. Let l be f(-2). Suppose 8*o - l = 5*o. Is o composite?
True
Let j(k) be the second derivative of -7*k**3 - 5*k**2/2 + k. Let l = -844 + 842. Is j(l) composite?
False
Suppose 4*q = 4*p - 12, 4*q = 5*p + 6*q - 36. Let g(s) = 15*s + 15. Let u(n) = 1. Let f(c) = g(c) - 20*u(c). Is f(p) a composite number?
True
Let u(p) = -2*p + 13. Let w be u(4). Suppose 10*l - 3155 = w*l. Is l a prime number?
True
Let v = -7578 - -13927. Is v a prime number?
False
Let k be (2572/6)/(9/324). Is (-1)/(-4) + k/96 prime?
False
Let p(j) be the third derivative of 19*j**4/4 + 17*j**3/6 - 4*j**2. Is p(6) a prime number?
True
Let b(h) be the third derivative of h**4 + 0*h + 6*h**2 + 0 + 5/3*h**3. Is b(7) a prime number?
False
Let n(s) = -4*s - 30. Let t be n(-8). Suppose -8*r + t*r + 966 = 0. Is r prime?
False
Suppose 17 = 5*d - 28. Let y be (-95)/(-15) - (12/9 + -1). Is 1074/d - 2/y a prime number?
False
Let f = 2546 - -7260. Is f a composite number?
True
Let c = 8347 + 24852. Is c a prime number?
True
Suppose -5*i + 163703 = -304112. Is i prime?
True
Let y(n) = n**3 + 4*n**2 + n - 3. Let b be y(-3). Suppose b*x = 1003 - 250. Is x a prime number?
True
Let w(d) = -5*d - 5. Let j be w(10). Let c = 72 - j. Is c prime?
True
Let x = -719 + 8776. Is x composite?
True
Let z be (4/(-7))/((-46)/478331). Suppose -7*w + 771 = -z. Is w a composite number?
True
Let x(v) = -26*v + 52*v + 3 - 13 + 50*v. Is x(6) prime?
False
Suppose 7*i - 884 = 3*i. Suppose 4*j - i = -49. Suppose -j - 4 = -p. Is p a prime number?
True
Suppose c = -9*c - 30. Is (-2)/(c - (-21215)/7075) a composite number?
True
Let q(m) = -2*m**3 - 17*m**2 - 13*m - 5. Is q(-14) prime?
True
Suppose -2*s + 5*g - 10560 = -7*s, -2*g - 10595 = -5*s. Is s a composite number?
True
Is 2 + (-12)/8*-9874 a composite number?
False
Suppose -6*h = -7*h + 7. Suppose q + h = -3*m, 3*q + 3*m = 4*q - 17. Suppose -i - 284 = -q*i. Is i a composite number?
False
Let g = -47 - -49. Suppose -4 + 14 = 5*q, g*a = 3*q + 4996. Is a prime?
False
Suppose 4*q = -v + 22 - 3, -5*v + q = -11. Suppose -v*z + 8*z = 4*m, -2*m = 0. Is 2 - (-234)/(2 + z) composite?
True
Let u(m) = m**2 - 21*m + 21. Let p be u(20). Suppose -40 = 2*v - 10. Is ((-1685)/v)/(p/3) a composite number?
False
Let a(h) = -h + 12. Let x be a(9). Suppose -24 = -b + 2*y + 3*y, 0 = -x*b + 2*y + 20. Suppose -6*u + b*u + 402 = 0. Is u a prime number?
False
Let a(k) = 12*k + 11. Let p be a(8). Is (-17)/(-17)*p*3 a prime number?
False
Let g be 44*((-62)/(-8) - 0). Suppose -24 = n - g. Is n composite?
False
Let d be 6*2/(-4) + 5. Let w(q) = 5 - 2 + 34*q**2 - 2*q - 4 + 18*q**d. Is w(-1) prime?
True
Let i be (-286)/8 - 9/(-12). Suppose -3*f + 6 = 18. Is (-3405)/i + f/14 a composite number?
False
Let m(z) = -z**3 - 2*z**2 - z + 1. Let f